{"id":46,"date":"2025-10-15T10:26:01","date_gmt":"2025-10-15T10:26:01","guid":{"rendered":"https:\/\/neu.buntebuehne.at\/?page_id=46"},"modified":"2026-02-09T09:53:58","modified_gmt":"2026-02-09T09:53:58","slug":"elementor-seite-46","status":"publish","type":"page","link":"https:\/\/buntebuehne.at\/","title":{"rendered":"Tickets"},"content":{"rendered":"\t\t<div data-elementor-type=\"wp-page\" data-elementor-id=\"46\" class=\"elementor elementor-46\" data-elementor-post-type=\"page\">\n\t\t\t\t\t\t<section class=\"elementor-section elementor-top-section elementor-element elementor-element-26146229 elementor-section-height-min-height elementor-section-boxed elementor-section-height-default elementor-section-items-middle\" data-id=\"26146229\" data-element_type=\"section\" data-e-type=\"section\" data-settings=\"{&quot;background_background&quot;:&quot;classic&quot;}\">\n\t\t\t\t\t\t\t<div class=\"elementor-background-overlay\"><\/div>\n\t\t\t\t\t\t\t<div class=\"elementor-container elementor-column-gap-default\">\n\t\t\t\t\t<div class=\"elementor-column elementor-col-100 elementor-top-column elementor-element elementor-element-1acc4d12\" data-id=\"1acc4d12\" data-element_type=\"column\" data-e-type=\"column\">\n\t\t\t<div class=\"elementor-widget-wrap elementor-element-populated\">\n\t\t\t\t\t\t<section class=\"elementor-section elementor-inner-section elementor-element elementor-element-132b5a46 elementor-section-boxed elementor-section-height-default elementor-section-height-default\" data-id=\"132b5a46\" data-element_type=\"section\" data-e-type=\"section\">\n\t\t\t\t\t\t<div class=\"elementor-container elementor-column-gap-default\">\n\t\t\t\t\t<div class=\"elementor-column elementor-col-100 elementor-inner-column elementor-element elementor-element-77a515a5\" data-id=\"77a515a5\" data-element_type=\"column\" data-e-type=\"column\">\n\t\t\t<div class=\"elementor-widget-wrap elementor-element-populated\">\n\t\t\t\t\t\t<div class=\"elementor-element elementor-element-64d04146 elementor-invisible elementor-widget elementor-widget-heading\" data-id=\"64d04146\" data-element_type=\"widget\" data-e-type=\"widget\" data-settings=\"{&quot;_animation&quot;:&quot;fadeInUp&quot;}\" data-widget_type=\"heading.default\">\n\t\t\t\t\t<p class=\"elementor-heading-title elementor-size-default\">30 . und 31. Dezember 2025 | Mistelbach<\/p>\t\t\t\t<\/div>\n\t\t\t\t<div class=\"elementor-element elementor-element-2abfc11 elementor-invisible elementor-widget elementor-widget-heading\" data-id=\"2abfc11\" data-element_type=\"widget\" data-e-type=\"widget\" data-settings=\"{&quot;_animation&quot;:&quot;fadeInUp&quot;,&quot;_animation_delay&quot;:200}\" data-widget_type=\"heading.default\">\n\t\t\t\t\t<h2 class=\"elementor-heading-title elementor-size-default\">Silvester im Kloster<\/h2>\t\t\t\t<\/div>\n\t\t\t\t<div class=\"elementor-element elementor-element-604cb3c0 elementor-invisible elementor-widget elementor-widget-htmega-button-addons\" data-id=\"604cb3c0\" data-element_type=\"widget\" data-e-type=\"widget\" data-settings=\"{&quot;_animation&quot;:&quot;fadeInUp&quot;,&quot;_animation_delay&quot;:400}\" data-widget_type=\"htmega-button-addons.default\">\n\t\t\t\t<div class=\"elementor-widget-container\">\n\t\t\t\t\t<div class=\"htmega-button htmega-btn-style-1 htmega-btn-shadow-0\"><a href=\"#tickets\" class=\"htb-btn htmega-btn-size-sm htmega-btn-effect-0 elementor-animation-pulse\">Tickets kaufen<\/a><\/div>\t\t\t\t<\/div>\n\t\t\t\t<\/div>\n\t\t\t\t\t<\/div>\n\t\t<\/div>\n\t\t\t\t\t<\/div>\n\t\t<\/section>\n\t\t\t\t\t<\/div>\n\t\t<\/div>\n\t\t\t\t\t<\/div>\n\t\t<\/section>\n\t\t\t\t<section class=\"elementor-section elementor-top-section elementor-element elementor-element-19a1f670 elementor-section-content-middle elementor-section-boxed elementor-section-height-default elementor-section-height-default\" data-id=\"19a1f670\" data-element_type=\"section\" data-e-type=\"section\">\n\t\t\t\t\t\t<div class=\"elementor-container elementor-column-gap-no\">\n\t\t\t\t\t<div class=\"elementor-column elementor-col-50 elementor-top-column elementor-element elementor-element-4d89e8bd\" data-id=\"4d89e8bd\" data-element_type=\"column\" data-e-type=\"column\">\n\t\t\t<div class=\"elementor-widget-wrap elementor-element-populated\">\n\t\t\t\t\t\t<div class=\"elementor-element elementor-element-0c83c29 elementor-headline--style-highlight elementor-widget elementor-widget-animated-headline\" data-id=\"0c83c29\" data-element_type=\"widget\" data-e-type=\"widget\" data-settings=\"{&quot;marker&quot;:&quot;underline_zigzag&quot;,&quot;highlighted_text&quot;:&quot;AUSVERKAUFT&quot;,&quot;headline_style&quot;:&quot;highlight&quot;,&quot;loop&quot;:&quot;yes&quot;,&quot;highlight_animation_duration&quot;:1200,&quot;highlight_iteration_delay&quot;:8000}\" data-widget_type=\"animated-headline.default\">\n\t\t\t\t\t\t\t<h3 class=\"elementor-headline\">\n\t\t\t\t<span class=\"elementor-headline-dynamic-wrapper elementor-headline-text-wrapper\">\n\t\t\t\t\t<span class=\"elementor-headline-dynamic-text elementor-headline-text-active\">AUSVERKAUFT<\/span>\n\t\t\t\t<\/span>\n\t\t\t\t<\/h3>\n\t\t\t\t\t\t<\/div>\n\t\t\t\t<div class=\"elementor-element elementor-element-68fc5897 event_about_us elementor-widget elementor-widget-heading\" data-id=\"68fc5897\" data-element_type=\"widget\" data-e-type=\"widget\" data-widget_type=\"heading.default\">\n\t\t\t\t\t<h2 class=\"elementor-heading-title elementor-size-default\">Silvester im <span style=\"color:#B61670\">Kloster<\/span><\/h2>\t\t\t\t<\/div>\n\t\t\t\t<div class=\"elementor-element elementor-element-8645c57 event_about_us elementor-widget elementor-widget-heading\" data-id=\"8645c57\" data-element_type=\"widget\" data-e-type=\"widget\" data-widget_type=\"heading.default\">\n\t\t\t\t\t<h3 class=\"elementor-heading-title elementor-size-default\">Ein <span style=\"color:#B61670\">prickelnder Abend<\/span> mit drei Kom\u00f6dien &amp; Kulinarik<\/h3>\t\t\t\t<\/div>\n\t\t\t\t<div class=\"elementor-element elementor-element-5045f44b elementor-widget elementor-widget-text-editor\" data-id=\"5045f44b\" data-element_type=\"widget\" data-e-type=\"widget\" data-widget_type=\"text-editor.default\">\n\t\t\t\t\t\t\t\t\t<ul><li>Dinner For One<\/li><li>W\u00fcnsch Dir was!<\/li><li>Das Streichquartett<\/li><\/ul>\t\t\t\t\t\t\t\t<\/div>\n\t\t\t\t<div class=\"elementor-element elementor-element-5c1bd6fd elementor-widget elementor-widget-htmega-dualbutton-addons\" data-id=\"5c1bd6fd\" data-element_type=\"widget\" data-e-type=\"widget\" data-widget_type=\"htmega-dualbutton-addons.default\">\n\t\t\t\t<div class=\"elementor-widget-container\">\n\t\t\t\t\t<div class=\"htmega-double-button-area\"><div class=\"htmega-doublebutton\"><a href=\"#tickets\" class=\"htmega-doule-btn btn-one htmega-doule-btn-size-sm\"><span class='button_one_text_progression'>Tickets kaufen<\/span><\/a><a href=\"#preise\" class=\"htmega-doule-btn btn-two htmega-doule-btn-size-sm\"><span class='button_two_text_progression'>Preise<\/span><span class='button_two_icon_progression'><\/span><\/a><\/div><\/div>\t\t\t\t<\/div>\n\t\t\t\t<\/div>\n\t\t\t\t\t<\/div>\n\t\t<\/div>\n\t\t\t\t<div class=\"elementor-column elementor-col-50 elementor-top-column elementor-element elementor-element-4fcb7544\" data-id=\"4fcb7544\" data-element_type=\"column\" data-e-type=\"column\">\n\t\t\t<div class=\"elementor-widget-wrap elementor-element-populated\">\n\t\t\t\t\t\t<div class=\"elementor-element elementor-element-131473b7 elementor-widget elementor-widget-image\" data-id=\"131473b7\" data-element_type=\"widget\" data-e-type=\"widget\" data-widget_type=\"image.default\">\n\t\t\t\t\t\t\t\t\t\t\t\t\t\t\t<img fetchpriority=\"high\" decoding=\"async\" width=\"600\" height=\"845\" src=\"https:\/\/buntebuehne.at\/wp-content\/uploads\/2025\/10\/Bunte_Buehne_Silvester25_komp.jpg\" class=\"attachment-full size-full wp-image-64\" alt=\"\" srcset=\"https:\/\/buntebuehne.at\/wp-content\/uploads\/2025\/10\/Bunte_Buehne_Silvester25_komp.jpg 600w, https:\/\/buntebuehne.at\/wp-content\/uploads\/2025\/10\/Bunte_Buehne_Silvester25_komp-213x300.jpg 213w\" sizes=\"(max-width: 600px) 100vw, 600px\" \/>\t\t\t\t\t\t\t\t\t\t\t\t\t\t\t<\/div>\n\t\t\t\t\t<\/div>\n\t\t<\/div>\n\t\t\t\t\t<\/div>\n\t\t<\/section>\n\t\t\t\t<section class=\"elementor-section elementor-top-section elementor-element elementor-element-400c95e9 elementor-section-full_width elementor-section-height-default elementor-section-height-default\" data-id=\"400c95e9\" data-element_type=\"section\" data-e-type=\"section\">\n\t\t\t\t\t\t<div class=\"elementor-container elementor-column-gap-no\">\n\t\t\t\t\t<div class=\"elementor-column elementor-col-100 elementor-top-column elementor-element elementor-element-12cce9fa\" data-id=\"12cce9fa\" data-element_type=\"column\" data-e-type=\"column\">\n\t\t\t<div class=\"elementor-widget-wrap elementor-element-populated\">\n\t\t\t\t\t\t<div class=\"elementor-element elementor-element-7a4775e elementor-widget elementor-widget-menu-anchor\" data-id=\"7a4775e\" data-element_type=\"widget\" data-e-type=\"widget\" data-widget_type=\"menu-anchor.default\">\n\t\t\t\t\t\t\t<div class=\"elementor-menu-anchor\" id=\"tickets\"><\/div>\n\t\t\t\t\t\t<\/div>\n\t\t\t\t<div class=\"elementor-element elementor-element-250c8ef htmega-align-center elementor-widget elementor-widget-htmega-calltoaction-addons\" data-id=\"250c8ef\" data-element_type=\"widget\" data-e-type=\"widget\" data-widget_type=\"htmega-calltoaction-addons.default\">\n\t\t\t\t<div class=\"elementor-widget-container\">\n\t\t\t\t\t            <div class=\"htmega-call-to-action callto-action-style-4\">\n                <div class=\"htmega-content\">\n\n                                            <div class=\"content\">\n                            <h2 class=\"htmega-callto-action-title\">Wie Tickets kaufen?<\/h2><p class=\"htmega-callto-action-description\">Tickets erhalten Sie <strong>online<\/strong> oder beim <strong>B\u00fcrgerservice im Rathaus Mistelbach<\/strong> (02572\/2515-2130).<br>\n\u00d6ffnungszeiten: Mo, Mi und Do von 8 bis 15.30, Di von 8 bis 19 Uhr, Fr von 8 bis 12 Uhr\n<br><br>\n<\/p>                        <\/div>\n                        <div class=\"action-btn\">\n                            <a class=\"call_btn\" href=\"https:\/\/events.eventjet.at\/events\/?fwp_event_city=Mistelbach&#038;fwp_event_search=bunte%20b%C3%BChne\" target=\"_blank\"><span class='call_to_action_button_one_text_progression'>Tickets online kaufen<\/span><\/a>                        <\/div>\n                        \n                    \n                <\/div>\n            <\/div>\n\n        \t\t\t\t<\/div>\n\t\t\t\t<\/div>\n\t\t\t\t\t<\/div>\n\t\t<\/div>\n\t\t\t\t\t<\/div>\n\t\t<\/section>\n\t\t\t\t<section class=\"elementor-section elementor-top-section elementor-element elementor-element-3d08a610 elementor-section-boxed elementor-section-height-default elementor-section-height-default\" data-id=\"3d08a610\" data-element_type=\"section\" data-e-type=\"section\">\n\t\t\t\t\t\t<div class=\"elementor-container elementor-column-gap-default\">\n\t\t\t\t\t<div class=\"elementor-column elementor-col-100 elementor-top-column elementor-element elementor-element-b7b3a1c\" data-id=\"b7b3a1c\" data-element_type=\"column\" data-e-type=\"column\">\n\t\t\t<div class=\"elementor-widget-wrap elementor-element-populated\">\n\t\t\t\t\t\t<div class=\"elementor-element elementor-element-982cb1d elementor-widget elementor-widget-menu-anchor\" data-id=\"982cb1d\" data-element_type=\"widget\" data-e-type=\"widget\" data-widget_type=\"menu-anchor.default\">\n\t\t\t\t\t\t\t<div class=\"elementor-menu-anchor\" id=\"preise\"><\/div>\n\t\t\t\t\t\t<\/div>\n\t\t\t\t<div class=\"elementor-element elementor-element-5917308c htmega-title-align-center elementor-widget elementor-widget-section-title-addons\" data-id=\"5917308c\" data-element_type=\"widget\" data-e-type=\"widget\" data-widget_type=\"section-title-addons.default\">\n\t\t\t\t<div class=\"elementor-widget-container\">\n\t\t\t\t\t            <div class=\"htmega-5917308c htmega-section-title htmega-subtitle-position-bottom title-style-one htmega-section-title-order-parent image-\">\n                <h2 class=\"section-title-txt\">Ticket Preise<\/h2><p class=\"section-subtitle-txt\">Erwachsene und Kinder<\/p>            <\/div>\n\n            \n        \t\t\t\t<\/div>\n\t\t\t\t<\/div>\n\t\t\t\t<section class=\"elementor-section elementor-inner-section elementor-element elementor-element-1cba1223 elementor-section-full_width elementor-section-height-default elementor-section-height-default\" data-id=\"1cba1223\" data-element_type=\"section\" data-e-type=\"section\">\n\t\t\t\t\t\t<div class=\"elementor-container elementor-column-gap-default\">\n\t\t\t\t\t<div class=\"elementor-column elementor-col-50 elementor-inner-column elementor-element elementor-element-c9cebe7\" data-id=\"c9cebe7\" data-element_type=\"column\" data-e-type=\"column\">\n\t\t\t<div class=\"elementor-widget-wrap elementor-element-populated\">\n\t\t\t\t\t\t<div class=\"elementor-element elementor-element-5fdca8cc elementor-widget elementor-widget-htmega-pricing-table-addons\" data-id=\"5fdca8cc\" data-element_type=\"widget\" data-e-type=\"widget\" data-widget_type=\"htmega-pricing-table-addons.default\">\n\t\t\t\t<div class=\"elementor-widget-container\">\n\t\t\t\t\t        <div class=\"htmega-pricing-panel htmega-pricing-style-3\">\n\n            \n                            <div class=\"htmega-pricing-heading\">\n                    <div class=\"price\">\n                        <h4><span class=\"pricing_new\"><sub>&#128;<\/sub> 26,-<\/span><\/h4>                    <\/div>\n                    <div class=\"htmega-pricing-header-align\">\n                        <div class=\"title\"><h2>Erwachsene<\/h2><\/div>                    <\/div>\n\n                <\/div>\n\n                                    <div class=\"htmega-pricing-body\">\n                        <ul class=\"htmega-features\">\n                                                            <li class=\" elementor-repeater-item-4073c18\">\n                                    ab 14 Jahren                                <\/li>\n                                                            <li class=\" elementor-repeater-item-0cf1037\">\n                                    Sitzplatz                                <\/li>\n                                                    <\/ul>\n                    <\/div>\n                                <div class=\"htmega-pricing-footer\"><a class=\"price_btn\" href=\"https:\/\/events.eventjet.at\/events\/?fwp_event_city=Mistelbach&#038;fwp_event_search=bunte%20b%C3%BChne\" target=\"_blank\">jetzt kaufen<\/a><\/div>\n                    <\/div>\n\t\t\t\t<\/div>\n\t\t\t\t<\/div>\n\t\t\t\t\t<\/div>\n\t\t<\/div>\n\t\t\t\t<div class=\"elementor-column elementor-col-50 elementor-inner-column elementor-element elementor-element-48980ec9\" data-id=\"48980ec9\" data-element_type=\"column\" data-e-type=\"column\">\n\t\t\t<div class=\"elementor-widget-wrap elementor-element-populated\">\n\t\t\t\t\t\t<div class=\"elementor-element elementor-element-2295ef5b elementor-widget elementor-widget-htmega-pricing-table-addons\" data-id=\"2295ef5b\" data-element_type=\"widget\" data-e-type=\"widget\" data-widget_type=\"htmega-pricing-table-addons.default\">\n\t\t\t\t<div class=\"elementor-widget-container\">\n\t\t\t\t\t        <div class=\"htmega-pricing-panel htmega-pricing-style-3\">\n\n            \n                            <div class=\"htmega-pricing-heading\">\n                    <div class=\"price\">\n                        <h4><span class=\"pricing_new\"><sub>&#128;<\/sub> 13,-<\/span><\/h4>                    <\/div>\n                    <div class=\"htmega-pricing-header-align\">\n                        <div class=\"title\"><h2>Kinder<\/h2><\/div>                    <\/div>\n\n                <\/div>\n\n                                    <div class=\"htmega-pricing-body\">\n                        <ul class=\"htmega-features\">\n                                                            <li class=\" elementor-repeater-item-0cf1037\">\n                                    bis 14 Jahre                                <\/li>\n                                                            <li class=\" elementor-repeater-item-b525485\">\n                                    Sitzplatz                                <\/li>\n                                                    <\/ul>\n                    <\/div>\n                                <div class=\"htmega-pricing-footer\"><a class=\"price_btn\" href=\"https:\/\/events.eventjet.at\/events\/?fwp_event_city=Mistelbach&#038;fwp_event_search=bunte%20b%C3%BChne\" target=\"_blank\">jetzt kaufen<\/a><\/div>\n                    <\/div>\n\t\t\t\t<\/div>\n\t\t\t\t<\/div>\n\t\t\t\t\t<\/div>\n\t\t<\/div>\n\t\t\t\t\t<\/div>\n\t\t<\/section>\n\t\t\t\t\t<\/div>\n\t\t<\/div>\n\t\t\t\t\t<\/div>\n\t\t<\/section>\n\t\t\t\t<\/div>\n\t\t","protected":false},"excerpt":{"rendered":"<p>30 . und 31. Dezember 2025 | Mistelbach Silvester im Kloster Tickets kaufen AUSVERKAUFT Silvester im Kloster Ein prickelnder Abend mit drei Kom\u00f6dien &amp; Kulinarik Dinner For One W\u00fcnsch Dir was! Das Streichquartett Tickets kaufenPreise Wie Tickets kaufen? Tickets erhalten Sie online oder beim B\u00fcrgerservice im Rathaus Mistelbach (02572\/2515-2130). \u00d6ffnungszeiten: Mo, Mi und Do von [&hellip;]<\/p>\n","protected":false},"author":1,"featured_media":0,"parent":0,"menu_order":0,"comment_status":"closed","ping_status":"closed","template":"","meta":{"footnotes":""},"class_list":["post-46","page","type-page","status-publish","hentry"],"jetpack_sharing_enabled":true,"_links":{"self":[{"href":"https:\/\/buntebuehne.at\/index.php\/wp-json\/wp\/v2\/pages\/46","targetHints":{"allow":["GET"]}}],"collection":[{"href":"https:\/\/buntebuehne.at\/index.php\/wp-json\/wp\/v2\/pages"}],"about":[{"href":"https:\/\/buntebuehne.at\/index.php\/wp-json\/wp\/v2\/types\/page"}],"author":[{"embeddable":true,"href":"https:\/\/buntebuehne.at\/index.php\/wp-json\/wp\/v2\/users\/1"}],"replies":[{"embeddable":true,"href":"https:\/\/buntebuehne.at\/index.php\/wp-json\/wp\/v2\/comments?post=46"}],"version-history":[{"count":52,"href":"https:\/\/buntebuehne.at\/index.php\/wp-json\/wp\/v2\/pages\/46\/revisions"}],"predecessor-version":[{"id":522,"href":"https:\/\/buntebuehne.at\/index.php\/wp-json\/wp\/v2\/pages\/46\/revisions\/522"}],"wp:attachment":[{"href":"https:\/\/buntebuehne.at\/index.php\/wp-json\/wp\/v2\/media?parent=46"}],"curies":[{"name":"wp","href":"https:\/\/api.w.org\/{rel}","templated":true}]}}